{"id":2222,"date":"2024-03-02T07:00:28","date_gmt":"2024-03-02T10:00:28","guid":{"rendered":"https:\/\/marcelaraiden.com.ar\/?page_id=2222"},"modified":"2024-03-02T07:00:28","modified_gmt":"2024-03-02T10:00:28","slug":"noticias","status":"publish","type":"page","link":"https:\/\/marcelaraiden.com.ar\/index.php\/noticias\/","title":{"rendered":"Noticias"},"content":{"rendered":"<div  class='flex_column av-av_one_full-048119fdb636ea3d70edc0b975509c6c av_one_full  avia-builder-el-0  avia-builder-el-no-sibling  first flex_column_div  '     ><div  class='av-alb-blogposts template-blog  '  itemscope=\"itemscope\" itemtype=\"https:\/\/schema.org\/Blog\" ><article class=\"post-entry post-entry-type-standard post-entry-2287 post-loop-1 post-parity-odd single-big with-slider post-2287 post type-post status-publish format-standard has-post-thumbnail hentry category-articulos category-news\"  itemscope=\"itemscope\" itemtype=\"https:\/\/schema.org\/BlogPosting\" ><div class=\"big-preview single-big\"  itemprop=\"image\" itemscope=\"itemscope\" itemtype=\"https:\/\/schema.org\/ImageObject\" ><a href=\"https:\/\/marcelaraiden.com.ar\/index.php\/2024\/06\/03\/la-vuelta-del-credito-hipotecario-en-argentina\/\"  title=\"pexels-photo-7821501\" ><img decoding=\"async\" loading=\"lazy\" width=\"845\" height=\"321\" src=\"https:\/\/marcelaraiden.com.ar\/wp-content\/uploads\/2024\/06\/pexels-photo-7821501-845x321.webp\" class=\"wp-image-2288 avia-img-lazy-loading-2288 attachment-entry_with_sidebar size-entry_with_sidebar wp-post-image\" alt=\"\" \/><\/a><\/div><div class=\"blog-meta\"><\/div><div class='entry-content-wrapper clearfix standard-content'><header class=\"entry-content-header\"><h2 class='post-title entry-title '  itemprop=\"headline\" ><a href=\"https:\/\/marcelaraiden.com.ar\/index.php\/2024\/06\/03\/la-vuelta-del-credito-hipotecario-en-argentina\/\" rel=\"bookmark\" title=\"Permanent Link: La Vuelta del Cr\u00e9dito Hipotecario en Argentina:\">La Vuelta del Cr\u00e9dito Hipotecario en Argentina:<span class=\"post-format-icon minor-meta\"><\/span><\/a><\/h2><span class=\"post-meta-infos\"><time class=\"date-container minor-meta updated\"  itemprop=\"datePublished\" datetime=\"2024-06-03T12:45:42-03:00\" >3 junio, 2024<\/time><span class=\"text-sep\">\/<\/span><span class=\"comment-container minor-meta\"><a href=\"https:\/\/marcelaraiden.com.ar\/index.php\/2024\/06\/03\/la-vuelta-del-credito-hipotecario-en-argentina\/#respond\" class=\"comments-link\" >0 Comments<\/a><\/span><span class=\"text-sep\">\/<\/span><span class=\"blog-categories minor-meta\">in <a href=\"https:\/\/marcelaraiden.com.ar\/index.php\/category\/articulos\/\" rel=\"tag\">Art\u00edculos<\/a>, <a href=\"https:\/\/marcelaraiden.com.ar\/index.php\/category\/news\/\" rel=\"tag\">News<\/a><\/span><span class=\"text-sep\">\/<\/span><span class=\"blog-author minor-meta\">by <span class=\"entry-author-link\"  itemprop=\"author\" ><span class=\"author\"><span class=\"fn\"><a href=\"https:\/\/marcelaraiden.com.ar\/index.php\/author\/raidenm2024\/\" title=\"Entradas de RaidenM2024\" rel=\"author\">RaidenM2024<\/a><\/span><\/span><\/span><\/span><\/span><\/header><div class=\"entry-content\"  itemprop=\"text\" ><div class=\"read-more-link\"><a href=\"https:\/\/marcelaraiden.com.ar\/index.php\/2024\/06\/03\/la-vuelta-del-credito-hipotecario-en-argentina\/\" class=\"more-link\">Read more<span class=\"more-link-arrow\"><\/span><\/a><\/div>\n<\/div><footer class=\"entry-footer\"><\/footer><div class='post_delimiter'><\/div><\/div><div class=\"post_author_timeline\"><\/div><span class='hidden'>\n\t\t\t\t<span class='av-structured-data'  itemprop=\"image\" itemscope=\"itemscope\" itemtype=\"https:\/\/schema.org\/ImageObject\" >\n\t\t\t\t\t\t<span itemprop='url'>https:\/\/marcelaraiden.com.ar\/wp-content\/uploads\/2024\/06\/pexels-photo-7821501.webp<\/span>\n\t\t\t\t\t\t<span itemprop='height'>750<\/span>\n\t\t\t\t\t\t<span itemprop='width'>1125<\/span>\n\t\t\t\t<\/span>\n\t\t\t\t<span class='av-structured-data'  itemprop=\"publisher\" itemtype=\"https:\/\/schema.org\/Organization\" itemscope=\"itemscope\" >\n\t\t\t\t\t\t<span itemprop='name'>RaidenM2024<\/span>\n\t\t\t\t\t\t<span itemprop='logo' itemscope itemtype='https:\/\/schema.org\/ImageObject'>\n\t\t\t\t\t\t\t<span itemprop='url'>https:\/\/marcelaraiden.com.ar\/wp-content\/uploads\/2023\/10\/iso-300x300.png<\/span>\n\t\t\t\t\t\t<\/span>\n\t\t\t\t<\/span><span class='av-structured-data'  itemprop=\"author\" itemscope=\"itemscope\" itemtype=\"https:\/\/schema.org\/Person\" ><span itemprop='name'>RaidenM2024<\/span><\/span><span class='av-structured-data'  itemprop=\"datePublished\" datetime=\"2024-06-03T12:45:42-03:00\" >2024-06-03 12:45:42<\/span><span class='av-structured-data'  itemprop=\"dateModified\" itemtype=\"https:\/\/schema.org\/dateModified\" >2024-06-03 12:45:42<\/span><span class='av-structured-data'  itemprop=\"mainEntityOfPage\" itemtype=\"https:\/\/schema.org\/mainEntityOfPage\" ><span itemprop='name'>La Vuelta del Cr\u00e9dito Hipotecario en Argentina:<\/span><\/span><\/span><\/article><article class=\"post-entry post-entry-type-standard post-entry-2218 post-loop-2 post-parity-even single-big  post-2218 post type-post status-publish format-standard hentry category-articulos category-news\"  itemscope=\"itemscope\" itemtype=\"https:\/\/schema.org\/BlogPosting\" ><div class=\"blog-meta\"><\/div><div class='entry-content-wrapper clearfix standard-content'><header class=\"entry-content-header\"><h2 class='post-title entry-title '  itemprop=\"headline\" ><a href=\"https:\/\/marcelaraiden.com.ar\/index.php\/2024\/02\/19\/vivir-cerca\/\" rel=\"bookmark\" title=\"Permanent Link: Vivir cerca del mar no es solo un sue\u00f1o: una experiencia personal.\">Vivir cerca del mar no es solo un sue\u00f1o: una experiencia personal.<span class=\"post-format-icon minor-meta\"><\/span><\/a><\/h2><span class=\"post-meta-infos\"><time class=\"date-container minor-meta updated\"  itemprop=\"datePublished\" datetime=\"2024-02-19T19:18:29-03:00\" >19 febrero, 2024<\/time><span class=\"text-sep\">\/<\/span><span class=\"comment-container minor-meta\"><a href=\"https:\/\/marcelaraiden.com.ar\/index.php\/2024\/02\/19\/vivir-cerca\/#respond\" class=\"comments-link\" >0 Comments<\/a><\/span><span class=\"text-sep\">\/<\/span><span class=\"blog-categories minor-meta\">in <a href=\"https:\/\/marcelaraiden.com.ar\/index.php\/category\/articulos\/\" rel=\"tag\">Art\u00edculos<\/a>, <a href=\"https:\/\/marcelaraiden.com.ar\/index.php\/category\/news\/\" rel=\"tag\">News<\/a><\/span><span class=\"text-sep\">\/<\/span><span class=\"blog-author minor-meta\">by <span class=\"entry-author-link\"  itemprop=\"author\" ><span class=\"author\"><span class=\"fn\"><a href=\"https:\/\/marcelaraiden.com.ar\/index.php\/author\/raidenm2024\/\" title=\"Entradas de RaidenM2024\" rel=\"author\">RaidenM2024<\/a><\/span><\/span><\/span><\/span><\/span><\/header><div class=\"entry-content\"  itemprop=\"text\" >\n<p>Marcela Raiden.<\/p>\n\n\n\n<figure class=\"wp-block-gallery has-nested-images columns-default is-cropped wp-block-gallery-1 is-layout-flex wp-block-gallery-is-layout-flex\">\n<figure class=\"wp-block-image size-large\"><img loading=\"lazy\" decoding=\"async\" width=\"1030\" height=\"535\" data-id=\"2219\" src=\"https:\/\/marcelaraiden.com.ar\/wp-content\/uploads\/2024\/02\/IMG_6553-Pano-Editar-1030x535.jpg\" alt=\"\" class=\"wp-image-2219\" srcset=\"https:\/\/marcelaraiden.com.ar\/wp-content\/uploads\/2024\/02\/IMG_6553-Pano-Editar-1030x535.jpg 1030w, https:\/\/marcelaraiden.com.ar\/wp-content\/uploads\/2024\/02\/IMG_6553-Pano-Editar-300x156.jpg 300w, https:\/\/marcelaraiden.com.ar\/wp-content\/uploads\/2024\/02\/IMG_6553-Pano-Editar-768x399.jpg 768w, https:\/\/marcelaraiden.com.ar\/wp-content\/uploads\/2024\/02\/IMG_6553-Pano-Editar-1536x798.jpg 1536w, https:\/\/marcelaraiden.com.ar\/wp-content\/uploads\/2024\/02\/IMG_6553-Pano-Editar-2048x1064.jpg 2048w, https:\/\/marcelaraiden.com.ar\/wp-content\/uploads\/2024\/02\/IMG_6553-Pano-Editar-1500x779.jpg 1500w, https:\/\/marcelaraiden.com.ar\/wp-content\/uploads\/2024\/02\/IMG_6553-Pano-Editar-705x366.jpg 705w\" sizes=\"auto, (max-width: 1030px) 100vw, 1030px\" \/><\/figure>\n<\/figure>\n\n\n\n<p>La epidemia de Covid 19 que se desat\u00f3 en la Argentina y en el mundo a inicios del a\u00f1o 2020 aceler\u00f3 un movimiento que ya ven\u00eda gest\u00e1ndose en algunos sectores de la sociedad argentina, que optaban por mudarse lejos de los centros urbanos.&nbsp; Este movimiento, se vio acompa\u00f1ado por el crecimiento de diversos desarrollos urban\u00edsticos que vinieron a satisfacer una demanda de una vida m\u00e1s tranquila y en contacto con la naturaleza.&nbsp;<\/p>\n\n\n\n<p>El \u00e9xodo urbano que se registr\u00f3 luego de la crisis sanitaria impuls\u00f3 el inter\u00e9s no solo por lotes y condominios en las afueras de las ciudades, sino tambi\u00e9n en los principales destinos costeros bonaerenses, como las ciudades de Pinamar y Mar del Plata.&nbsp;<\/p>\n\n\n\n<p>Vivir cerca del mar o en zonas alejadas de los grandes centros urbanos se volvi\u00f3 un sue\u00f1o posible por el advenimiento del home office que impact\u00f3 en los h\u00e1bitos de la organizaci\u00f3n de la vida laboral e hizo que los trabajadores pudieran elegir d\u00f3nde vivir sin descuidar sus actividades laborales.&nbsp;<\/p>\n\n\n\n<p>El movimiento migratorio produjo efectos en diversas esferas multiplicando, por ejemplo, los espacios comerciales para atender al nuevo p\u00fablico, as\u00ed como tambi\u00e9n el mercado del real estate.<\/p>\n\n\n\n<p>En este contexto de cambio, la ciudad de Mar del Plata se posiciona como una de las elegidas a la hora de pensar en un cambio, dado que combina los beneficios de una gran ciudad (servicios educativos, de salud, culturales, deportivos etc) y el mar como el actor central del cambio.&nbsp;<\/p>\n\n\n\n<p>Seg\u00fan las \u00faltimas investigaciones, vivir cerca de espacios verdes retrasa el envejecimiento y mejora nuestra salud dado que se aten\u00faan los efectos de la contaminaci\u00f3n presentes en las grandes ciudades.<\/p>\n\n\n\n<p><strong>Un cambio personal:<\/strong><\/p>\n\n\n\n<p>Hace 3 a\u00f1os tom\u00e9 la decisi\u00f3n junto a mi familia de mudarnos a la Ciudad de Mar del Plata. Viv\u00eda en la Ciudad de Buenos Aires, trabajaba en un Hospital Nacional, especializado en salud mental y adicciones. Ten\u00eda a mi cargo la conducci\u00f3n del \u00e1rea de investigaci\u00f3n del mencionado Hospital. Llevaba muchos a\u00f1os de vida institucional.&nbsp;<\/p>\n\n\n\n<p>El contexto de la pandemia, me posibilit\u00f3 ver m\u00e1s all\u00e1, pensar en la vida que quer\u00eda para m\u00ed y mi familia. El aislamiento social preventivo, marc\u00f3 un cambio en nuestras rutinas laborales y educativas, y es precisamente en ese contexto que comienza a madurar la decisi\u00f3n de mudarme a la Ciudad de Mar del Plata, junto a mi marido y mi hijo que en aquel momento hab\u00eda cumplido los 5 a\u00f1os de edad.&nbsp;<\/p>\n\n\n\n<p>Es as\u00ed que pasamos de so\u00f1ar con una vida cerca del mar y en contacto con la naturaleza, a materializar el cambio, a darle forma y en el mes de marzo del a\u00f1o 2021 mi hijo estaba iniciando la sala de 5 a\u00f1os en la Ciudad de Mar del Plata, y nosotros a darle forma a nuestra nueva vida\u2026..<\/p>\n<\/div><footer class=\"entry-footer\"><\/footer><div class='post_delimiter'><\/div><\/div><div class=\"post_author_timeline\"><\/div><span class='hidden'>\n\t\t\t\t<span class='av-structured-data'  itemprop=\"image\" itemscope=\"itemscope\" itemtype=\"https:\/\/schema.org\/ImageObject\" >\n\t\t\t\t\t\t<span itemprop='url'>https:\/\/marcelaraiden.com.ar\/wp-content\/uploads\/2023\/10\/iso-300x300.png<\/span>\n\t\t\t\t\t\t<span itemprop='height'>0<\/span>\n\t\t\t\t\t\t<span itemprop='width'>0<\/span>\n\t\t\t\t<\/span>\n\t\t\t\t<span class='av-structured-data'  itemprop=\"publisher\" itemtype=\"https:\/\/schema.org\/Organization\" itemscope=\"itemscope\" >\n\t\t\t\t\t\t<span itemprop='name'>RaidenM2024<\/span>\n\t\t\t\t\t\t<span itemprop='logo' itemscope itemtype='https:\/\/schema.org\/ImageObject'>\n\t\t\t\t\t\t\t<span itemprop='url'>https:\/\/marcelaraiden.com.ar\/wp-content\/uploads\/2023\/10\/iso-300x300.png<\/span>\n\t\t\t\t\t\t<\/span>\n\t\t\t\t<\/span><span class='av-structured-data'  itemprop=\"author\" itemscope=\"itemscope\" itemtype=\"https:\/\/schema.org\/Person\" ><span itemprop='name'>RaidenM2024<\/span><\/span><span class='av-structured-data'  itemprop=\"datePublished\" datetime=\"2024-02-19T19:18:29-03:00\" >2024-02-19 19:18:29<\/span><span class='av-structured-data'  itemprop=\"dateModified\" itemtype=\"https:\/\/schema.org\/dateModified\" >2024-02-19 19:19:52<\/span><span class='av-structured-data'  itemprop=\"mainEntityOfPage\" itemtype=\"https:\/\/schema.org\/mainEntityOfPage\" ><span itemprop='name'>Vivir cerca del mar no es solo un sue\u00f1o: una experiencia personal.<\/span><\/span><\/span><\/article><article class=\"post-entry post-entry-type-standard post-entry-2206 post-loop-3 post-parity-odd post-entry-last single-big  post-2206 post type-post status-publish format-standard hentry category-articulos\"  itemscope=\"itemscope\" itemtype=\"https:\/\/schema.org\/BlogPosting\" ><div class=\"blog-meta\"><\/div><div class='entry-content-wrapper clearfix standard-content'><header class=\"entry-content-header\"><h2 class='post-title entry-title '  itemprop=\"headline\" ><a href=\"https:\/\/marcelaraiden.com.ar\/index.php\/2024\/01\/16\/perspectivas-sobre-el-impacto-de-la-derogacion-de-la-ley-de-alquileres-en-argentina\/\" rel=\"bookmark\" title=\"Permanent Link: Perspectivas sobre el impacto de la derogaci\u00f3n de la Ley de Alquileres en Argentina.\">Perspectivas sobre el impacto de la derogaci\u00f3n de la Ley de Alquileres en Argentina.<span class=\"post-format-icon minor-meta\"><\/span><\/a><\/h2><span class=\"post-meta-infos\"><time class=\"date-container minor-meta updated\"  itemprop=\"datePublished\" datetime=\"2024-01-16T23:08:40-03:00\" >16 enero, 2024<\/time><span class=\"text-sep\">\/<\/span><span class=\"comment-container minor-meta\"><a href=\"https:\/\/marcelaraiden.com.ar\/index.php\/2024\/01\/16\/perspectivas-sobre-el-impacto-de-la-derogacion-de-la-ley-de-alquileres-en-argentina\/#respond\" class=\"comments-link\" >0 Comments<\/a><\/span><span class=\"text-sep\">\/<\/span><span class=\"blog-categories minor-meta\">in <a href=\"https:\/\/marcelaraiden.com.ar\/index.php\/category\/articulos\/\" rel=\"tag\">Art\u00edculos<\/a><\/span><span class=\"text-sep\">\/<\/span><span class=\"blog-author minor-meta\">by <span class=\"entry-author-link\"  itemprop=\"author\" ><span class=\"author\"><span class=\"fn\"><a href=\"https:\/\/marcelaraiden.com.ar\/index.php\/author\/raidenm2024\/\" title=\"Entradas de RaidenM2024\" rel=\"author\">RaidenM2024<\/a><\/span><\/span><\/span><\/span><\/span><\/header><div class=\"entry-content\"  itemprop=\"text\" >\n<p>Marcela Raiden.<\/p>\n\n\n\n<figure class=\"wp-block-image size-large is-resized\"><img loading=\"lazy\" decoding=\"async\" width=\"1030\" height=\"579\" src=\"https:\/\/marcelaraiden.com.ar\/wp-content\/uploads\/2024\/01\/ley_alquileres-1200x675-1-1030x579.jpg\" alt=\"\" class=\"wp-image-2208\" style=\"width:801px;height:auto\" srcset=\"https:\/\/marcelaraiden.com.ar\/wp-content\/uploads\/2024\/01\/ley_alquileres-1200x675-1-1030x579.jpg 1030w, https:\/\/marcelaraiden.com.ar\/wp-content\/uploads\/2024\/01\/ley_alquileres-1200x675-1-300x169.jpg 300w, https:\/\/marcelaraiden.com.ar\/wp-content\/uploads\/2024\/01\/ley_alquileres-1200x675-1-768x432.jpg 768w, https:\/\/marcelaraiden.com.ar\/wp-content\/uploads\/2024\/01\/ley_alquileres-1200x675-1-705x397.jpg 705w, https:\/\/marcelaraiden.com.ar\/wp-content\/uploads\/2024\/01\/ley_alquileres-1200x675-1.jpg 1200w\" sizes=\"auto, (max-width: 1030px) 100vw, 1030px\" \/><\/figure>\n\n\n\n<p>Perspectivas sobre el impacto de la derogaci\u00f3n de la Ley de Alquileres en Argentina.<\/p>\n\n\n\n<p>La entrada en vigencia del Decreto de Necesidad y Urgencia (DNU) del gobierno de Javier Milei, derog\u00f3 entre otras la Ley de Alquileres, lo que ha generado todo un debate que sigue cosechando opiniones a favor y en contra.<\/p>\n\n\n\n<p>Desde cierto punto de vista, la derogaci\u00f3n de la Ley de Alquileres, legitim\u00f3 pr\u00e1cticas que ven\u00edan desarroll\u00e1ndose a contrapelo de la ley en vigencia hasta el 29 de diciembre del 2023. La reforma, marca un punto de inflexi\u00f3n y deja un vaci\u00f3 normativo respecto de innumerables cuestiones que hacen a la contrataci\u00f3n y que tanto propietarios e inquilinos tendr\u00e1n que acordar y poner por escrito, por ejemplo: valor del alquiler, \u00edndice de indexaci\u00f3n, monedas de pago, tiempo del contrato, condiciones de cancelaci\u00f3n anticipada, pago de da\u00f1os en las propiedades, definici\u00f3n de garant\u00edas y dep\u00f3sitos, entre los aspectos m\u00e1s relevantes.<\/p>\n\n\n\n<p>No olvidemos que el contexto de esta desregulaci\u00f3n convive con contratos a\u00fan vigentes de las dos versiones de la ley de alquileres: la vigente desde el 2020 con contratos de 3 a\u00f1os y actualizaci\u00f3n anual por \u00cdndice de Contratos de Locaci\u00f3n (ICL) y la modificaci\u00f3n que se produjo en el a\u00f1o 2023 con contratos de 3 a\u00f1os y actualizaci\u00f3n semestral por Coeficiente de Variaci\u00f3n Salarial (CVS)<\/p>\n\n\n\n<p>Se reconfigura as\u00ed, el campo de la demanda habitacional, donde emerge con fuerza la figura del \u201cacuerdo\u201d como una de las herramientas m\u00e1s valiosas a la hora de concretar de forma exitosa una relaci\u00f3n entre partes, que no deja de estar atravesada por el poder. Un papel fundamental en estos acuerdos lo asumen los asesores inmobiliarios, que deber\u00e1n extremar sus capacidades de mediaci\u00f3n y negociaci\u00f3n para construir un consenso entre propietarios e inquilinos.<\/p>\n\n\n\n<p>Distintos operadores del sector inmobiliario calificaron de auspiciosa la decisi\u00f3n, mientras que los grupos de inquilinos se muestran preocupados por los efectos de dicha derogaci\u00f3n.<\/p>\n\n\n\n<p>Otro de los sectores que ve con buenos ojos la medida es el de los alquileres temporarios, un segmento orientado esencialmente al turismo y con fuerte presencia en la Ciudad de Buenos Aires, Rosario, C\u00f3rdoba, Mar del Plata y Bariloche.<\/p>\n\n\n\n<p>A partir de la fecha de vigencia del DNU, y dada la disminuci\u00f3n de las regulaciones se recomienda a los inquilinos leer minuciosamente las condiciones del contrato antes de firmar el mismo, a los fines de evitar conflictos a futuro.&nbsp;&nbsp;<\/p>\n\n\n\n<p>Es importante mencionar que la gran mayor\u00eda de los pa\u00edses desarrollados regulan el precio de actualizaci\u00f3n de los alquileres y tambi\u00e9n el precio inicial. Esto se da en pa\u00edses como:&nbsp;<strong>Austria, Dinamarca, Francia, Alemania, Suecia, Pa\u00edses Bajos e Irlanda.<\/strong><strong><\/strong><\/p>\n\n\n\n<p>Han pasado ya 15 d\u00edas de la entrada en vigencia del DNU, y se observa un mercado que lentamente empieza a reconfigurarse. Seg\u00fan la opini\u00f3n de diversos operadores inmobiliarios se ha registrado una leve suba en la oferta de inmuebles disponibles para el alquiler. Habr\u00e1 que observar si este empuje inicial sigue en crecimiento.<\/p>\n\n\n\n<p>De todas formas, quedan muchos aspectos por definir, algunos de ellos seguir\u00e1n lo que marca los usos y costumbres y otros deber\u00e1n ir precis\u00e1ndose a medida que aumenten las contrataciones. Seguramente los grupos de inter\u00e9s en este campo, tienen mucho que aportar.<\/p>\n<\/div><footer class=\"entry-footer\"><\/footer><div class='post_delimiter'><\/div><\/div><div class=\"post_author_timeline\"><\/div><span class='hidden'>\n\t\t\t\t<span class='av-structured-data'  itemprop=\"image\" itemscope=\"itemscope\" itemtype=\"https:\/\/schema.org\/ImageObject\" >\n\t\t\t\t\t\t<span itemprop='url'>https:\/\/marcelaraiden.com.ar\/wp-content\/uploads\/2023\/10\/iso-300x300.png<\/span>\n\t\t\t\t\t\t<span itemprop='height'>0<\/span>\n\t\t\t\t\t\t<span itemprop='width'>0<\/span>\n\t\t\t\t<\/span>\n\t\t\t\t<span class='av-structured-data'  itemprop=\"publisher\" itemtype=\"https:\/\/schema.org\/Organization\" itemscope=\"itemscope\" >\n\t\t\t\t\t\t<span itemprop='name'>RaidenM2024<\/span>\n\t\t\t\t\t\t<span itemprop='logo' itemscope itemtype='https:\/\/schema.org\/ImageObject'>\n\t\t\t\t\t\t\t<span itemprop='url'>https:\/\/marcelaraiden.com.ar\/wp-content\/uploads\/2023\/10\/iso-300x300.png<\/span>\n\t\t\t\t\t\t<\/span>\n\t\t\t\t<\/span><span class='av-structured-data'  itemprop=\"author\" itemscope=\"itemscope\" itemtype=\"https:\/\/schema.org\/Person\" ><span itemprop='name'>RaidenM2024<\/span><\/span><span class='av-structured-data'  itemprop=\"datePublished\" datetime=\"2024-01-16T23:08:40-03:00\" >2024-01-16 23:08:40<\/span><span class='av-structured-data'  itemprop=\"dateModified\" itemtype=\"https:\/\/schema.org\/dateModified\" >2024-01-16 23:23:02<\/span><span class='av-structured-data'  itemprop=\"mainEntityOfPage\" itemtype=\"https:\/\/schema.org\/mainEntityOfPage\" ><span itemprop='name'>Perspectivas sobre el impacto de la derogaci\u00f3n de la Ley de Alquileres en Argentina.<\/span><\/span><\/span><\/article><div class='single-big'><\/div><\/div><\/div>\n","protected":false},"excerpt":{"rendered":"","protected":false},"author":1,"featured_media":0,"parent":0,"menu_order":0,"comment_status":"closed","ping_status":"closed","template":"","meta":{"footnotes":""},"class_list":["post-2222","page","type-page","status-publish","hentry"],"_links":{"self":[{"href":"https:\/\/marcelaraiden.com.ar\/index.php\/wp-json\/wp\/v2\/pages\/2222","targetHints":{"allow":["GET"]}}],"collection":[{"href":"https:\/\/marcelaraiden.com.ar\/index.php\/wp-json\/wp\/v2\/pages"}],"about":[{"href":"https:\/\/marcelaraiden.com.ar\/index.php\/wp-json\/wp\/v2\/types\/page"}],"author":[{"embeddable":true,"href":"https:\/\/marcelaraiden.com.ar\/index.php\/wp-json\/wp\/v2\/users\/1"}],"replies":[{"embeddable":true,"href":"https:\/\/marcelaraiden.com.ar\/index.php\/wp-json\/wp\/v2\/comments?post=2222"}],"version-history":[{"count":1,"href":"https:\/\/marcelaraiden.com.ar\/index.php\/wp-json\/wp\/v2\/pages\/2222\/revisions"}],"predecessor-version":[{"id":2223,"href":"https:\/\/marcelaraiden.com.ar\/index.php\/wp-json\/wp\/v2\/pages\/2222\/revisions\/2223"}],"wp:attachment":[{"href":"https:\/\/marcelaraiden.com.ar\/index.php\/wp-json\/wp\/v2\/media?parent=2222"}],"curies":[{"name":"wp","href":"https:\/\/api.w.org\/{rel}","templated":true}]}}